 l and 14?
14
Suppose 4*w = 3*d + 25, 4*d + d - 5 = 2*w. What is the greatest common divisor of 20 and w?
10
Let o(p) = -p**2 + 2 + 0*p**2 + 3*p**2 - 4*p. Let g be o(3). Let u be (4/5)/(g/60). Calculate the greatest common divisor of 30 and u.
6
Let s = 25 + -14. Suppose s = q - 13. Let t be (-2 - 22/(-5))*25. Calculate the greatest common divisor of q and t.
12
Let s be (18/(-15))/((-6)/180). What is the greatest common factor of 4 and s?
4
Let i be (-6 - -1)*6/(-5). Let k be -2 + 2*39/i. What is the greatest common divisor of 1 and k?
1
Let g be (-11)/(-1) - (1 + 0). Let j = 6 - 5. Calculate the greatest common factor of j and g.
1
Let c(g) = 8*g**2 - 5*g + 6. Let a be c(3). What is the greatest common divisor of a and 7?
7
Let n be 102/(-9)*(-1 - 2). What is the greatest common factor of 17 and n?
17
Let q be (-33)/(2 - 46/20). Suppose -w + 1 - 3 = 0. Let a be w - -1*26/2. Calculate the highest common divisor of q and a.
11
Let s = 17 - 14. Suppose -3*z + s*a = -a - 479, 2*z = -5*a + 327. Calculate the greatest common divisor of z and 23.
23
Let r = -24 + 39. Let s be (24/r)/(8/140). Calculate the greatest common factor of 70 and s.
14
Suppose 1 - 5 = -2*i. Let a be (-1)/((-1)/i) + 34. What is the greatest common factor of 24 and a?
12
Let g be (-170)/(-7) + 18/(-63). Calculate the highest common divisor of g and 36.
12
Suppose l = 3*u - 18 - 35, -4*l - 20 = 0. Suppose 89 = 4*y + 5*j, -2*j + 17 = 3*y - 41. Calculate the greatest common divisor of y and u.
16
Let i(a) = 3*a - 12. Let y be i(8). What is the greatest common factor of 84 and y?
12
Let p = 24 + -12. Let r = 14 - 8. What is the greatest common factor of p and r?
6
Suppose 2*i - 3*p = -3*i + 2003, 403 = i - 3*p. Suppose -7*f + i = -2*f. Suppose 2*r + 2*r - 128 = 0. What is the greatest common factor of f and r?
16
Suppose 6 = 3*y, 4*h - 4*y = -0*h - 16. Let c be 4 - (6 + -2)/h. Let o(s) = -s**3 + 4*s + 3. Let l be o(-3). Calculate the greatest common factor of l and c.
6
Let r be 2*(-1)/2 + -16. Suppose 0 = -a - 3*x - 1 - 1, 2*x = -5*a - 10. Let u be (a - r)*(-32)/(-6). Calculate the greatest common divisor of u and 10.
10
Suppose -2*f - 105 = -m, 3*f = -2*m - m + 288. Let d = 3 - 0. Suppose 0 = g - d*g - 3*t + 7, -5*t - 80 = -5*g. Calculate the highest common divisor of g and m.
11
Let j = 21 - 41. Let u = j + 28. Suppose -5*p + 4*w - 6 = 0, 3*w - u*w = -20. Calculate the greatest common divisor of p and 10.
2
Let d(q) = -q**2 - 8*q + 5. Let n be d(-9). Let v = -4 - n. Suppose 3*j - 5*p = j - 10, -5*j + p + 21 = v. Calculate the greatest common divisor of 20 and j.
5
Suppose -i - 4*i + 40 = 0. Suppose i = 5*h - 7. Let z be (-1)/(-2) - (-10)/4. What is the highest common divisor of z and h?
3
Let f(v) = v**2 + 9*v + 4. Let g(c) = -11*c**3 + 2*c - 1. Let p be g(1). Let n be f(p). Calculate the greatest common divisor of n and 14.
14
Suppose -2*t = -5*z + 30, -31 = -3*z - z + 3*t. Suppose h + 1 - 4 = 0, z*o - 18 = 2*h. Suppose 5*u = 64 + 56. Calculate the greatest common factor of o and u.
6
Let o be 2/6 + 728/(-24). Let n = 96 + o. What is the highest common factor of 22 and n?
22
Suppose -2*j - o + 45 = 0, 0 = -4*j - 3*o + 159 - 68. Calculate the highest common factor of 11 and j.
11
Suppose 0 = 4*m - m - 33. Suppose -2*r - 3*r = -910. Let f = 259 - r. Calculate the greatest common divisor of f and m.
11
Let t(m) = 4 - 11*m - 10*m - 4. Let g be t(-4). Calculate the greatest common divisor of g and 12.
12
Suppose -3*j = -2*j - 12. Let a(i) = -i**2 + 12*i - 8. Let k be a(10). Suppose -2*o + o = -k. Calculate the highest common divisor of o and j.
12
Suppose 0 = 4*f + g - 112, 2*f - g = 4*g + 56. Suppose -2*p = -6*p + f. What is the highest common factor of 21 and p?
7
Suppose -12 = -w - w. Suppose -2*z - 3*t = -w*t - 63, -48 = -2*z - 2*t. Suppose -2*i + 16 = -20. Calculate the greatest common factor of i and z.
9
Let a = -8 - -14. Let w be 9/2*4/3. Suppose -w - 6 = -2*n. What is the highest common divisor of a and n?
6
Suppose 4*d - 2*y - 736 = 0, -4*d = -2*d - 5*y - 384. Suppose 0 = -5*h - 4*m + d - 41, 0 = h - 3*m - 13. Calculate the greatest common factor of 5 and h.
5
Let x = -41 + 63. Suppose -6*w + 2 = -4*w, i = -5*w + x. Calculate the highest common divisor of i and 85.
17
Let s be 10/1 + (-3)/1. Let a(n) = -2 - 8*n + 9*n**2 + 1 - 9 - n**3. Let j be a(s). What is the greatest common factor of j and 8?
8
Let j = 27 + -6. Suppose -j = -6*g + 3*g. Let p = 1 + g. Calculate the greatest common divisor of p and 12.
4
Suppose 0 = 4*k - 88. Suppose -8 = -5*f + k. Suppose 0 = -h - 3*r - 0*r + 18, 0 = 4*h + 4*r - 72. Calculate the greatest common factor of h and f.
6
Suppose -5*l + 354 = 134. Suppose 2*w - w - 4*u - 86 = 0, -w + 3*u + 81 = 0. What is the greatest common factor of l and w?
22
Let f(m) = -m**2 - 13*m - 33. Let v be f(-9). Suppose -c - 101 = -5*q, -5*q = -3*c - 93 - 0. Calculate the highest common factor of q and v.
3
Let m(a) = 3*a - 12. Let g(d) = -2*d + 1. Let i be g(-4). Let w be m(i). Calculate the highest common divisor of w and 30.
15
Suppose -5*h - 4*r - 1 = -0*h, 2*h + 5*r - 3 = 0. Let l = -10 + 15. Let k = h + l. What is the highest common factor of 8 and k?
4
Let b = 249 + -137. What is the highest common divisor of 14 and b?
14
Suppose -l + 0*l = 5. Let v be (-1)/(2 - l/(-2)). Let f = v - -3. What is the greatest common factor of f and 15?
5
Suppose 3*u = u + 286. Calculate the greatest common divisor of u and 13.
13
Let j(b) = -b**2 + 18. Let q be j(0). Calculate the highest common divisor of q and 54.
18
Suppose 1 = q + 2, 26 = s + 4*q. Suppose 6 = l - s. Let r be 4/1*1/1. What is the highest common divisor of l and r?
4
Suppose 0*l - 97 = -4*q + l, -5*q + 110 = -5*l. Calculate the highest common factor of 225 and q.
25
Suppose -n - 4*n = -285. Suppose 0 = 3*o + 9, -o - 2*o - n = -2*r. Calculate the highest common divisor of 3 and r.
3
Let a = -251 - -643. What is the greatest common factor of 49 and a?
49
Suppose 0 = d - v - 37, 0 = -3*v + 8*v - 25. Calculate the highest common divisor of d and 6.
6
Let x = 50 - 8. Let p(m) = m**2 + 4*m - 4. Let y be p(-6). Let s = y - 2. Calculate the greatest common factor of x and s.
6
Suppose -3*s - 5*b + 39 = 0, 3*b = -2*s - 0*s + 26. Calculate the highest common factor of s and 39.
13
Suppose -5*j - 4 + 0 = -4*b, -b + 2*j + 1 = 0. What is the greatest common factor of b and 1?
1
Suppose 0 = 2*k - 59 - 21. Let n = k - 16. What is the greatest common divisor of n and 6?
6
Let u = 53 - -35. What is the highest common divisor of 8 and u?
8
Let z be (-516)/(-42) - 2/7. Suppose -2*x + z = 4*f, 0 = 2*x - 2*f - f - 5. Let w(n) = 4*n - 6. Let s be w(x). Calculate the greatest common divisor of 4 and s.
2
Suppose 2*g = 6*g - 1060. Suppose t - 5*t + g = 3*n, 0 = 4*t + 8. What is the highest common divisor of n and 13?
13
Suppose 0 = -16*n + 12*n + 376. What is the greatest common factor of n and 141?
47
Let s = -19 - -28. Suppose -p + s = -2. Calculate the highest common factor of 88 and p.
11
Let u = -98 + 138. Calculate the greatest common divisor of u and 5.
5
Let n = -20 + 65. Calculate the greatest common divisor of 30 and n.
15
Let t = 151 - 56. Let o(v) = -v**2 + 14*v - 10. Let f(b) = 2*b**2 - 2*b - 4. Let u be f(3). Let k be o(u). Calculate the greatest common factor of k and t.
19
Let v(z) = z**2 + 3. Let o be 2/(1*2/(-5)). Let t be v(o). What is the greatest common divisor of 14 and t?
14
Let j = 4 + 11. What is the greatest common divisor of j and 15?
15
Suppose -a = 5*a - 6. Calculate the highest common factor of 13 and a.
1
Suppose 4*q = t + 170, t = 5*q - 27 - 185. Let n(u) = u**3 + 7*u**2 - 10*u - 2. Let a be n(-8). Calculate the highest common factor of a and q.
14
Suppose 4*b - 12 = 0, -3*b + b = -3*p. Suppose 0 = i + 5*t - 77, -i - p*i + 5*t + 211 = 0. Calculate the highest common factor of 18 and i.
18
Let h = 12 + 1. Let b(j) = 19*j**3 - j**2 - 2*j - 1. Let v be b(2). Calculate the highest common divisor of v and h.
13
Suppose -2*t = -6*t - 3*d + 179, 3*t + d - 133 = 0. Suppose -4*b = -12 - t. Calculate the highest common divisor of b and 35.
7
Suppose 0 = -6*g + 58 - 16. Let a be 0 - 0 - (-7)/g. Calculate the highest common divisor of a and 11.
1
Let g(a) = a**3 + a**2 + 6*a - 7. Let k be g(2). Let j be